{"id":1075,"date":"2025-04-28T14:59:37","date_gmt":"2025-04-28T12:59:37","guid":{"rendered":"https:\/\/segabogados.com\/?page_id=1075"},"modified":"2025-04-28T15:03:22","modified_gmt":"2025-04-28T13:03:22","slug":"politica-de-cookies","status":"publish","type":"page","link":"https:\/\/segabogados.com\/index.php\/ca\/politica-de-cookies\/","title":{"rendered":"Pol\u00edtica de galetes"},"content":{"rendered":"\t\t<div data-elementor-type=\"wp-page\" data-elementor-id=\"1075\" class=\"elementor elementor-1075\">\n\t\t\t\t<div class=\"elementor-element elementor-element-9e24514 e-flex e-con-boxed e-con e-parent\" data-id=\"9e24514\" data-element_type=\"container\" data-e-type=\"container\">\n\t\t\t\t\t<div class=\"e-con-inner\">\n\t\t\t\t<div class=\"elementor-element elementor-element-4e0b65e elementor-widget elementor-widget-text-editor\" data-id=\"4e0b65e\" data-element_type=\"widget\" data-e-type=\"widget\" data-widget_type=\"text-editor.default\">\n\t\t\t\t<div class=\"elementor-widget-container\">\n\t\t\t\t\t\t\t\t\t<p data-pm-slice=\"1 1 []\">Esta web utilitza galetes pr\u00f2pies i de tercers per a personalitzar el contingut, oferir funcions de xarxes socials i analitzar el tr\u00e0nsit. En compliment del Reglament (UE) 2016\/679 i de la Llei 34\/2002 de Serveis de la Societat de la Informaci\u00f3 i Comer\u00e7 Electr\u00f2nic (LSSI-CE), l&#8217;informem sobre l&#8217;\u00fas de galetes.<\/p><p>Una galeta \u00e9s un xicotet fitxer de text que s&#8217;emmagatzema en el seu navegador quan visita p\u00e0gines web. Servixen per a recordar informaci\u00f3 sobre la seua visita, facilitant futures visites i millorant la seua experi\u00e8ncia.<\/p><p>Pot configurar el seu navegador per a rebutjar l&#8217;\u00fas de galetes, encara que aix\u00f2 podria afectar el funcionament correcte d&#8217;algunes funcionalitats del web.<\/p><p>En navegar i continuar en la nostra web, consent l&#8217;\u00fas de galetes en les condicions establides en esta Pol\u00edtica de Galetes. Pot obtindre m\u00e9s informaci\u00f3 o revocar el seu consentiment enviant un correu a <a href=\"mailto:info@socarrats.com\" target=\"_blank\" rel=\"noopener noreferrer nofollow\">info@segabogados.com<\/a>.<\/p>\t\t\t\t\t\t\t\t<\/div>\n\t\t\t\t<\/div>\n\t\t\t\t\t<\/div>\n\t\t\t\t<\/div>\n\t\t\t\t<\/div>\n\t\t","protected":false},"excerpt":{"rendered":"<p>Esta web utilitza galetes pr\u00f2pies i de tercers per a personalitzar el contingut, oferir funcions de xarxes socials i analitzar el tr\u00e0nsit. En compliment del Reglament (UE) 2016\/679 i de la Llei 34\/2002 de Serveis de la Societat de la Informaci\u00f3 i Comer\u00e7 Electr\u00f2nic (LSSI-CE), l&#8217;informem sobre l&#8217;\u00fas de galetes. Una galeta \u00e9s un xicotet [&hellip;]<\/p>\n","protected":false},"author":1,"featured_media":0,"parent":0,"menu_order":0,"comment_status":"closed","ping_status":"closed","template":"","meta":{"footnotes":""},"class_list":["post-1075","page","type-page","status-publish","hentry"],"_links":{"self":[{"href":"https:\/\/segabogados.com\/index.php\/wp-json\/wp\/v2\/pages\/1075","targetHints":{"allow":["GET"]}}],"collection":[{"href":"https:\/\/segabogados.com\/index.php\/wp-json\/wp\/v2\/pages"}],"about":[{"href":"https:\/\/segabogados.com\/index.php\/wp-json\/wp\/v2\/types\/page"}],"author":[{"embeddable":true,"href":"https:\/\/segabogados.com\/index.php\/wp-json\/wp\/v2\/users\/1"}],"replies":[{"embeddable":true,"href":"https:\/\/segabogados.com\/index.php\/wp-json\/wp\/v2\/comments?post=1075"}],"version-history":[{"count":8,"href":"https:\/\/segabogados.com\/index.php\/wp-json\/wp\/v2\/pages\/1075\/revisions"}],"predecessor-version":[{"id":1083,"href":"https:\/\/segabogados.com\/index.php\/wp-json\/wp\/v2\/pages\/1075\/revisions\/1083"}],"wp:attachment":[{"href":"https:\/\/segabogados.com\/index.php\/wp-json\/wp\/v2\/media?parent=1075"}],"curies":[{"name":"wp","href":"https:\/\/api.w.org\/{rel}","templated":true}]}}